{"id":21,"date":"2006-01-19T10:11:10","date_gmt":"2006-01-19T09:11:10","guid":{"rendered":"http:\/\/www.koba.kernibikern.de\/?page_id=21"},"modified":"2020-06-14T14:20:46","modified_gmt":"2020-06-14T12:20:46","slug":"index","status":"publish","type":"page","link":"https:\/\/www.koba.kernibikern.de\/?page_id=21","title":{"rendered":"Inhalt-Archiv"},"content":{"rendered":"<ul>\n<li><a href=\"https:\/\/www.koba.kernibikern.de\/?p=31\">Aioli &#8211; schnell<\/a><\/li>\n<li><a href=\"https:\/\/www.koba.kernibikern.de\/?p=14\">Apfel-K\u00fcrbiskonfit\u00fcre<\/a><\/li>\n<li><a href=\"https:\/\/www.koba.kernibikern.de\/?p=6\">Apfel-Sahne-Kuchen<\/a><\/li>\n<li><a href=\"https:\/\/www.koba.kernibikern.de\/?p=34\">Avocado-Creme<\/a><\/li>\n<li><a href=\"https:\/\/www.koba.kernibikern.de\/?p=25\">Bratkartoffeln<\/a><\/li>\n<li><a href=\"https:\/\/www.koba.kernibikern.de\/?p=4\">Cappuccino-Creme<\/a><\/li>\n<li><a href=\"https:\/\/www.koba.kernibikern.de\/?p=19\">Eierpfannkuchen<\/a><\/li>\n<li><a href=\"https:\/\/www.koba.kernibikern.de\/?p=37\">Eingelegte Schnitzel<\/a><\/li>\n<li><a href=\"https:\/\/www.koba.kernibikern.de\/?p=7\">Farfalle mit Erbsenrahm<\/a><\/li>\n<li><a href=\"https:\/\/www.koba.kernibikern.de\/?p=148\">Fettucini mit Lachs und Sahnesauce<\/a><\/li>\n<li><a href=\"https:\/\/www.koba.kernibikern.de\/?p=61\">Filettopf s\u00fc\u00df-scharf<\/a><\/li>\n<li><a href=\"https:\/\/www.koba.kernibikern.de\/?p=30\">Frischk\u00e4setorte<\/a><\/li>\n<li><a href=\"https:\/\/www.koba.kernibikern.de\/?p=38\">Gallischer Winzertopf<\/a><\/li>\n<li><a href=\"https:\/\/www.koba.kernibikern.de\/?p=39\">Gefl\u00fcgelsalat<\/a><\/li>\n<li><a href=\"https:\/\/www.koba.kernibikern.de\/?p=33\">Gem\u00fcse-Dipp<\/a><\/li>\n<li><a href=\"https:\/\/www.koba.kernibikern.de\/?p=65\">Gem\u00fcsekuchen mit Schinken<\/a><\/li>\n<li><a href=\"https:\/\/www.koba.kernibikern.de\/?p=26\">Gr\u00fcnkohl<\/a><\/li>\n<li><a href=\"https:\/\/www.koba.kernibikern.de\/?p=56\">Gulasch<\/a><\/li>\n<li><a href=\"https:\/\/www.koba.kernibikern.de\/?p=10\">H\u00e4hnchen-Curry-Ananas-Auflauf<\/a><\/li>\n<li><a href=\"https:\/\/www.koba.kernibikern.de\/?p=115\">H\u00e4hnchenpfanne<\/a><\/li>\n<li><a href=\"https:\/\/www.koba.kernibikern.de\/?p=12\">Isinger\u00f6der Pfanne<\/a><\/li>\n<li><a href=\"https:\/\/www.koba.kernibikern.de\/?p=17\">Italienischer Hackbraten<\/a><\/li>\n<li><a href=\"https:\/\/www.koba.kernibikern.de\/?p=18\">Kabeljau in Curry-Senfsauce<\/a><\/li>\n<li><a href=\"https:\/\/www.koba.kernibikern.de\/?p=8\">Kartoffel-Gratin<\/a><\/li>\n<li><a href=\"https:\/\/www.koba.kernibikern.de\/?p=24\">Kohlrouladen<\/a><\/li>\n<li><a href=\"https:\/\/www.koba.kernibikern.de\/?p=20\">K\u00fcrbissuppe mit Pasternaken<\/a><\/li>\n<li><a href=\"https:\/\/www.koba.kernibikern.de\/?p=63\">Lammtopf<\/a><\/li>\n<li><a href=\"https:\/\/www.koba.kernibikern.de\/?p=3\">Lasagne<\/a><\/li>\n<li><a href=\"https:\/\/www.koba.kernibikern.de\/?p=113\">Linsensuppe, Rote (indisch)<\/a><\/li>\n<li><a href=\"https:\/\/www.koba.kernibikern.de\/?p=9\">Mascarpone-Creme mit Himbeeren<\/a><\/li>\n<li><a href=\"https:\/\/www.koba.kernibikern.de\/?p=5\">Mediterranes Fischfilet<\/a><\/li>\n<li><a href=\"https:\/\/www.koba.kernibikern.de\/?p=40\">Milchreis<\/a><\/li>\n<li><a href=\"https:\/\/www.koba.kernibikern.de\/?p=108\">M\u00f6hrencreme<\/a><\/li>\n<li><a href=\"https:\/\/www.koba.kernibikern.de\/?p=29\">Nussecken<\/a><\/li>\n<li><a href=\"https:\/\/www.koba.kernibikern.de\/?p=36\">Obstboden (A)<\/a><\/li>\n<li><a href=\"https:\/\/www.koba.kernibikern.de\/?p=35\">Obstboden (O)<\/a><\/li>\n<li><a href=\"https:\/\/www.koba.kernibikern.de\/?p=50\">Porree-Hackfleisch-Nudel-Topf<\/a><\/li>\n<li><a href=\"https:\/\/www.koba.kernibikern.de\/?p=27\">Rosenkohlauflauf<\/a><\/li>\n<li><a href=\"https:\/\/www.koba.kernibikern.de\/?p=59\">Rouladen<\/a><\/li>\n<li><a href=\"https:\/\/www.koba.kernibikern.de\/?p=49\">Schmorgurkenpfanne mit Hackfleisch<\/a><\/li>\n<li><a href=\"https:\/\/www.koba.kernibikern.de\/?p=11\">Schweinebraten<\/a><\/li>\n<li><a href=\"https:\/\/www.koba.kernibikern.de\/?p=16\">Spaghetti aglio olio<\/a><\/li>\n<li><a href=\"https:\/\/www.koba.kernibikern.de\/?p=28\">S\u00fc\u00df-saure Fisch-Gem\u00fcsepfanne<\/a><\/li>\n<li><a href=\"https:\/\/www.koba.kernibikern.de\/?p=13\">Thunfischsalat<\/a><\/li>\n<li><a href=\"https:\/\/www.koba.kernibikern.de\/?p=15\">Tortellini-Salat<\/a><\/li>\n<li><a href=\"https:\/\/www.koba.kernibikern.de\/?p=57\">Vanillekipferl<\/a><\/li>\n<li><a href=\"https:\/\/www.koba.kernibikern.de\/?p=55\">Wei\u00dfkohl-Kartoffel-Auflauf<\/a><\/li>\n<li><a href=\"https:\/\/www.koba.kernibikern.de\/?p=64\">Zimtsterne<\/a><\/li>\n<li><a href=\"https:\/\/www.koba.kernibikern.de\/?p=51\">Zucchini-Ragout<\/a><\/li>\n<\/ul>\n","protected":false},"excerpt":{"rendered":"<p>Aioli &#8211; schnell Apfel-K\u00fcrbiskonfit\u00fcre Apfel-Sahne-Kuchen Avocado-Creme Bratkartoffeln Cappuccino-Creme Eierpfannkuchen Eingelegte Schnitzel Farfalle mit Erbsenrahm Fettucini mit Lachs und Sahnesauce Filettopf s\u00fc\u00df-scharf Frischk\u00e4setorte Gallischer Winzertopf Gefl\u00fcgelsalat Gem\u00fcse-Dipp Gem\u00fcsekuchen mit Schinken Gr\u00fcnkohl Gulasch H\u00e4hnchen-Curry-Ananas-Auflauf H\u00e4hnchenpfanne Isinger\u00f6der Pfanne Italienischer Hackbraten Kabeljau in Curry-Senfsauce Kartoffel-Gratin Kohlrouladen K\u00fcrbissuppe mit Pasternaken Lammtopf Lasagne Linsensuppe, Rote (indisch) Mascarpone-Creme mit Himbeeren Mediterranes Fischfilet &#8230; <a title=\"Inhalt-Archiv\" class=\"read-more\" href=\"https:\/\/www.koba.kernibikern.de\/?page_id=21\" aria-label=\"Mehr dazu unter Inhalt-Archiv\">Weiterlesen<\/a><\/p>\n","protected":false},"author":2,"featured_media":0,"parent":0,"menu_order":0,"comment_status":"closed","ping_status":"open","template":"","meta":{"wprm-recipe-roundup-name":"","wprm-recipe-roundup-description":"","footnotes":""},"class_list":["post-21","page","type-page","status-publish"],"_links":{"self":[{"href":"https:\/\/www.koba.kernibikern.de\/index.php?rest_route=\/wp\/v2\/pages\/21","targetHints":{"allow":["GET"]}}],"collection":[{"href":"https:\/\/www.koba.kernibikern.de\/index.php?rest_route=\/wp\/v2\/pages"}],"about":[{"href":"https:\/\/www.koba.kernibikern.de\/index.php?rest_route=\/wp\/v2\/types\/page"}],"author":[{"embeddable":true,"href":"https:\/\/www.koba.kernibikern.de\/index.php?rest_route=\/wp\/v2\/users\/2"}],"replies":[{"embeddable":true,"href":"https:\/\/www.koba.kernibikern.de\/index.php?rest_route=%2Fwp%2Fv2%2Fcomments&post=21"}],"version-history":[{"count":6,"href":"https:\/\/www.koba.kernibikern.de\/index.php?rest_route=\/wp\/v2\/pages\/21\/revisions"}],"predecessor-version":[{"id":245,"href":"https:\/\/www.koba.kernibikern.de\/index.php?rest_route=\/wp\/v2\/pages\/21\/revisions\/245"}],"wp:attachment":[{"href":"https:\/\/www.koba.kernibikern.de\/index.php?rest_route=%2Fwp%2Fv2%2Fmedia&parent=21"}],"curies":[{"name":"wp","href":"https:\/\/api.w.org\/{rel}","templated":true}]}}